 by c(1).
8
Let s = -72 - -126. Calculate the remainder when s is divided by 28.
26
Let i = 5 + -3. Let u(r) = 2*r + 1. Calculate the remainder when u(2) is divided by i.
1
Let k = -62 - -66. What is the remainder when 7 is divided by k?
3
Let z be 2/8 + (-45)/(-12). Let b(h) = 9*h - 5. Calculate the remainder when b(z) is divided by 11.
9
Let z = 28 + 6. Let o = 50 + -38. Calculate the remainder when z is divided by o.
10
Let l(u) = 3*u**2 + u**2 + 3*u - 3*u**2 + 3 + 0*u**2. What is the remainder when l(-4) is divided by 2?
1
Let n(h) = h**3 - 7*h**2 + 9*h + 11. Calculate the remainder when n(7) is divided by 27.
20
Suppose -d - 6*v + v = 20, -4*v - 20 = 0. Suppose -f + 0 = -3. Calculate the remainder when d is divided by f.
2
Let r = -7 - -9. Suppose -4*d - 4*g + 40 = -84, 3*d - r*g = 68. What is the remainder when 76 is divided by d?
24
Suppose w + 82 = 2*w. What is the remainder when w is divided by 28?
26
Let c(p) = p**2 - 4*p - 7. Calculate the remainder when 49 is divided by c(-4).
24
Let p be 13/(0/(-2) - -1). Let h = 19 - p. Suppose -4*z - 5*j = -45, -h = -3*z + 2*j - 1. Calculate the remainder when 9 is divided by z.
4
Let z(b) = -6*b**2 + 5*b - 8. Let y(k) = -7*k**2 + 4*k - 7. Let r(q) = 5*y(q) - 6*z(q). What is the remainder when 46 is divided by r(11)?
22
Suppose 0 = -4*a + 6*a - r - 11, -2*a - 1 = -5*r. What is the remainder when ((-3)/(-2))/3*38 is divided by a?
5
Let x be 215/2 - (-2)/4. Suppose -3*t = t + x. Let p = 10 - t. What is the remainder when p is divided by 13?
11
Suppose -5*x + 2 = -3. Let i be x + 1 - (-110 + -5). Suppose -4*y = 2*b - 88, y = -b - 2*b + i. Calculate the remainder when b is divided by 13.
12
Let j(l) = -l**2 - 8*l + 9. Let c = 71 + -46. Calculate the remainder when c is divided by j(-8).
7
Suppose 0 = 3*u - 426 + 129. Suppose j = -0*h - h + 51, -2*j + u = 5*h. What is the remainder when j is divided by 14?
10
Let w be (36/16)/((-3)/(-8)). Let o = -9 - w. Calculate the remainder when o/(-6) - (-1)/(-2) is divided by 2.
0
Suppose 10*a - 338 = -16*a. Let g = 116 + 17. Suppose -3*x - x - 3*p + g = 0, -2*x = -3*p - 89. What is the remainder when x is divided by a?
11
Suppose 2*g = 3*g + 18. Let q be 8/(-36) + (-112)/g. What is the remainder when (-6)/(q/(-21) - 0) is divided by 11?
10
Calculate the remainder when -3*3/9 + 56 is divided by 32.
23
Suppose 3*r + 110 = -2*r. Let c be ((-38)/5)/((-3)/(-30)). Let y = r - c. What is the remainder when y is divided by 14?
12
Suppose -6*z - 16 = s - 2*z, -3*s - 3*z - 12 = 0. Suppose 0 = -2*n + v - s*v + 57, 4*n = 5*v + 105. Calculate the remainder when n is divided by 11.
8
Suppose 5*t + 5 = 15. Suppose -7*b = 12*b - 57. What is the remainder when b is divided by t?
1
Suppose -5*y - 5 = -0, -2*z - 4*y = -2. Let r be (15/z - 2) + -1. What is the remainder when 26 is divided by (-9)/(-1) - r - -2?
8
Let m = -39 + 52. What is the remainder when 37 is divided by m?
11
Calculate the remainder when (-7)/2*(-20)/7 is divided by 3.
1
Suppose -4*q + 20 = -3*p - 4, -q = 4*p - 25. Calculate the remainder when q is divided by 6.
3
Suppose 5*n - 2*u = -u + 214, -5*n = 3*u - 198. Calculate the remainder when 79 is divided by n.
37
Suppose b = 3*r - 132, -5*r + 7*r = 3*b + 88. Calculate the remainder when r is divided by -5*(0 + 36/(-15)).
8
Suppose 3*y + 2*y = 65. Calculate the remainder when y is divided by 3.
1
Let a = -696 - -1056. Suppose -a = 5*q - 10*q. Let t = q + -29. What is the remainder when t is divided by 15?
13
Suppose 0*n = -2*n. Suppose n*u + 4*u = 148. What is the remainder when u is divided by 13?
11
Let g(c) = 6*c - 7. Calculate the remainder when 31 is divided by g(3).
9
Let a(i) = -i**3 + 6*i**2 + i. What is the remainder when 7 is divided by a(6)?
1
Let t(d) = 2*d**2 - 5*d - 3. Suppose 7 = v + 1. Calculate the remainder when t(v) is divided by 21.
18
Let b = 3 - 1. Suppose -b*x + 18 = 4. Calculate the remainder when 20 is divided by x.
6
Suppose 7 = 2*k - 3. Calculate the remainder when 18 is divided by k.
3
Let t(v) = -v**2 + 7*v - 5. Calculate the remainder when 8 is divided by t(5).
3
Suppose 76 = -2*v - f, 3*v + f + 121 = -4*f. Let b = v - -53. Let i = -66 + 112. What is the remainder when i is divided by b?
14
Suppose -t = s - 7, -4*s - 5 - 7 = -4*t. What is the remainder when (s/2)/(1/25) is divided by 13?
12
Let m be (40/(-30))/(2/(-3)). Calculate the remainder when 32 is divided by (3 + -1)/m + 6.
4
Suppose 3*n + 6 + 18 = 5*p, 0 = 3*p + 4*n - 26. Suppose r = 7*r - 96. What is the remainder when r is divided by p?
4
Suppose 2*w + 6 = 5*w. Suppose 0 = -5*c + 4*c + 3. Let n = c - -1. Calculate the remainder when n is divided by w.
0
Let t(l) = -l**2 + 15*l + 36. What is the remainder when 36 is divided by t(16)?
16
Suppose 54 - 2 = 2*s. What is the remainder when 100 is divided by s?
22
Suppose 3*z + 2*r - 91 = 0, z + 2*z = 2*r + 107. Calculate the remainder when z is divided by 10.
3
Suppose -2 + 8 = -2*f. Calculate the remainder when 10 is divided by f/15 + 21/5.
2
Let o = -6 - -1. What is the remainder when 22 is divided by (-42)/o + 10/(-25)?
6
Suppose -3*o = 4*s - 62 - 0, o = 5*s - 68. Let x = s - 1. Calculate the remainder when 36 is divided by x.
10
Let v(l) = 0*l**2 - 1 - l**2 + 8 - 6*l. Let w be 4/24*2*-15. What is the remainder when 22 is divided by v(w)?
10
Let k(n) = -n**3 - 4*n**2 + 5*n + 4. Suppose 5*u - s + 16 = -5*s, u - 4*s = 16. Suppose 3*m + u*m - 48 = 0. What is the remainder when k(-6) is divided by m?
14
Let t be (12/9)/((-2)/(-12)). What is the remainder when 17 is divided by t - (5 + -1 - 1)?
2
Let p = -28 - -53. Suppose -2*h - 2*h + 36 = 0. Calculate the remainder when p is divided by h.
7
Let b be ((-5)/2)/(1/(-58)). Suppose b = 2*v + 3*v. Calculate the remainder when v is divided by 16.
13
Suppose 0 = -4*i + 3*i + 10. Calculate the remainder when 68 is divided by i.
8
Let n be 3*(33/9 + -3). Let t(q) = 3*q + 1. Let x be t(n). Suppose 3*g + 2*s = 3*s + x, 0 = -2*g + s + 3. What is the remainder when 11 is divided by g?
3
Let o = 91 + -66. What is the remainder when o is divided by 11?
3
Suppose 0 = -4*x, -35 + 170 = 5*r - 5*x. Calculate the remainder when r is divided by 4.
3
Let l = -5 - -23. What is the remainder when l is divided by 5?
3
Suppose 0*s - 2*p - 20 = -4*s, -5*s - 1 = 4*p. Let x = 1 - -3. What is the remainder when x is divided by s?
1
Suppose 5*y = y + 4, 0 = 4*f - 5*y + 13. What is the remainder when 17 is divided by (f - -3)/((-3)/(-18))?
5
Let v(p) = p - 10. What is the remainder when 137 is divided by v(20)?
7
Suppose 24 = -5*f + 74. Let r = 5 - 2. Calculate the remainder when r is divided by (-2)/f + 11/5.
1
Let c(w) = -w**2 + 6*w - 4. Let p be ((-2)/(-7))/(7/98). Let q(i) = -i**2 - 7*i - 7. What is the remainder when c(p) is divided by q(-5)?
1
Let a(f) = f**3 - 7*f**2 + f - 21. What is the remainder when a(8) is divided by 27?
24
Suppose 4 = -4*u, -u = 2*w - 18 - 37. Let i(k) = -k**3 + 4*k**2 + 6*k + 5. What is the remainder when w is divided by i(5)?
8
Let q = 20 + -9. Suppose y = -4*f + 22, 2*f = 3*y + 3*f - q. Let p(a) = -4*a**3 - a**2 + 1. Calculate the remainder when p(-1) is divided by y.
0
What is the remainder when 259 is divided by (2/4 - -1)/(30/400)?
19
Suppose 3*z + 2*z + 10 = 0. Let y(r) = 6*r**2 - 1. What is the remainder when y(z) is divided by 12?
11
Suppose -4*z - 428 = -3188. Suppose 0 = 4*y - 166 - z. Suppose 0 = 5*h - y + 59. What is the remainder when h is divided by 16?
15
Let p(s) = -3*s - 1. Calculate the remainder when p(-6) is divided by 0 - (-14 + -6)/4.
2
Let b = -17 - -28. Calculate the remainder when 42 is divided by b.
9
Suppose 2*r + 142 = 5*k, r - 97 = -3*k - 3. What is the remainder when 87 is divided by k?
27
Suppose -2*o - 22 = -4*w, 3*w - 9 = 3*o + 15. Suppose -119 = -2*n - 3*t - 10, 3*t = w. Calculate the remainder when n is divided by 18.
17
Suppose -4*s = -2*o - 0*o + 44, -19 = -o + 3*s. Calculate the remainder when o is divided by 10.
8
Suppose -4*s = 7 - 27. Suppose 0*y + 5*t = 3*y - 39, -2*y = -s*t - 26. Let z(u) = -u**2 + 5*u + 1. Calculate the remainder when y is divided by z(4).
3
Suppose -b + 4 - 1 = 0. Suppose k - f + 84 = 0, -b*k = -0*k + 2*f + 242. Let w = -55 - k. Calculate the remainder when w is divided by 7.
6
Let i be (4/5)/(2/(-20)). Let b be (